*j - 20 = s*j, 3*r = 5*j + 6214. Is r a composite number?
False
Let u = -120 - -123. Is -12*(439/(-2) + u) + 1 a composite number?
True
Suppose -2*n - 3*k + k + 12846 = 0, -n + 2*k + 6417 = 0. Is n composite?
False
Let w = -1153 + 3362. Is w a prime number?
False
Let b be (9/6)/1*48/9. Let p(l) = -l**3 + 8*l**2 + 1. Let k be p(b). Is (2980/2)/(3 - k) a prime number?
False
Let p = 56 - 40. Suppose u - 4*u - 4*a = -18, -2*u = -a - 1. Let t = p - u. Is t prime?
False
Suppose 65*j - 2944011 = 5485384. Is j a composite number?
True
Let h be (30/(-8))/((-1)/(2 + 2)). Suppose -7*a = -2*a - h. Suppose -4*v = -3*n + 34 - 173, -5*v - a*n + 194 = 0. Is v a prime number?
True
Suppose x - 5*v - 266 = -14, 5*x + 2*v - 1125 = 0. Suppose -2*q + 1830 = 2*l, -q - 5*l - x = -1126. Is q composite?
False
Suppose -1094*f - 215919 = -1121*f. Is f prime?
False
Suppose 104 = -7*u + 216. Suppose -u*j + 124704 = 37808. Is j a prime number?
True
Suppose 19*b - 80003 = -1185 + 134723. Is b prime?
True
Suppose -6 = 90*x - 92*x. Suppose -426 = 4*h - x*b + 4474, -3*h = -b + 3675. Let d = 2438 + h. Is d a prime number?
True
Suppose 0 = -428*l + 429*l + 3*x - 82261, 3*x = 0. Is l composite?
False
Suppose -2*j = -r - 838, -j - 4*r + 1700 = 3*j. Suppose -4*q = -5*q + j. Let u = -230 + q. Is u prime?
True
Let l(w) = -12*w + 28 + w - 17*w**2 - 4*w - w**3 - 9. Let h be l(-16). Suppose 353 + 607 = h*u + 3*p, u = -4*p + 317. Is u composite?
True
Let i = 93046 - 2619. Is i composite?
True
Let k = -76 + 67. Let h(z) = -133*z + 27. Let n be h(k). Is 2 + 0 + n + 0 + 1 composite?
True
Let c(w) = -w**2 + 41*w - 236. Let u be c(7). Suppose -z = 5*o - 42449, 0 = 4*o - u*z + 7924 - 41872. Is o prime?
False
Suppose 4607698 = 2*q + 2*v, 5*q - 6742578 = -2*v + 4776679. Is q a composite number?
True
Suppose k - u - 706008 = -95945, -1830189 = -3*k + 4*u. Is k composite?
False
Suppose 2304596 = 4*d - f, 0 = -829*d + 834*d + 3*f - 2880745. Is d a prime number?
False
Let n be (0 - 6)/12*10. Is 1142*(n + (-21)/(-2)) composite?
True
Is (2/10)/(152/540769944) - 2/5 prime?
True
Let g = 4 - 3. Let d be ((-68)/85)/((-1)/20). Is (3 + g)*-1*(-2564)/d a prime number?
True
Suppose 2*b - 4*p - 100698 = 0, 9*b - 6*b - 151059 = 3*p. Is b prime?
False
Suppose -2*t = k - 71588, -29*t + 33*t - 143158 = -5*k. Is t a composite number?
False
Suppose -5*x + 3*g = -7, 0 = 2*x - 19*g + 15*g. Let b(t) = 35*t**3 + 0 - 5*t + 3*t**2 + 5 + t**2 + 2*t**3. Is b(x) composite?
False
Let q(t) = -7*t**3 + 2*t**2 + 8*t - 9. Let x(w) = -2*w**3 - w**2 + w + 1. Let r(h) = q(h) - 2*x(h). Is r(-12) composite?
True
Let h(l) = 7727*l + 145. Let p be h(10). Suppose -m + 43668 = j + 4958, 0 = 2*m + j - p. Is m a prime number?
False
Let s(p) = 80960*p**2 - 14*p - 7. Is s(-5) a composite number?
False
Is 194*(0 + 1211/14) a composite number?
True
Is (4 + -2)*((-4638799)/(-30) + 28/(-210)) a composite number?
True
Suppose -4*j - 5*f = 0, 6*f - 4*f = 3*j - 23. Suppose -11077 = -j*m + 24268. Is m a prime number?
True
Let c = 94549 - 48060. Is c prime?
True
Let o(k) = 92*k**3 - 16*k**2 + 92*k - 23. Is o(12) prime?
False
Let m = 67 - 68. Is (-9777)/9*(1 - (3 - m)) a prime number?
True
Let f(h) = -151*h - 24. Let o = 4 - 15. Is f(o) prime?
True
Let h(d) = -67*d + 18. Suppose y + 4*k = 4*y + 44, -5*k - 50 = 5*y. Let r be h(y). Let l = 1937 - r. Is l prime?
False
Suppose -3*w - 9 = 0, c - 2*c - 5*w + 1376 = 0. Suppose -4*r = -203 + c. Is r/(-13) + 6/39 a composite number?
False
Let z be (-2)/4*2*249/3. Let k = -81 - z. Is (914 - 7)*(k + 1)/3 a composite number?
False
Let q(z) = 417951*z + 5639. Is q(4) a prime number?
True
Let u(n) = -n**2 - 2*n + 5. Let g be u(-3). Suppose -5*p + 5 = 0, -3*l + 5*l = -g*p + 220. Is l prime?
True
Let g be ((-162)/24 + 6)/(6/(-16)). Suppose -3*i + n - 1 = -g*i, -2*i - 2*n + 14 = 0. Suppose l = 5*t + 1841, i*l - 4*t = l + 3682. Is l composite?
True
Suppose 2*r - 8 = -4*i - r, 0 = -3*r. Suppose 10 = i*h + 4. Is (h - (-56876)/18) + (-2)/(-9) a prime number?
True
Is -922*((-24222)/12)/11 composite?
True
Suppose 13*x - 57747 - 254942 = 0. Is x a prime number?
False
Let v(g) = 1524 - 5*g + 176*g**2 - 1529 + 4*g. Suppose 0 = -3*k + 5*k + 4. Is v(k) prime?
True
Suppose -2*w + 73 = 5*u + 25, -28 = -3*u - 2*w. Is (-628)/(-6)*195/u a composite number?
True
Let s(w) be the third derivative of 79*w**5/15 - 3*w**4/4 + 133*w**3/6 - 5*w**2. Is s(6) prime?
False
Let y(n) = 1778*n - 11. Let i(r) = 1777*r - 11. Let u(x) = -3*i(x) + 2*y(x). Suppose 0 = h - 2*g + 4, 3*h - 6*h + 3*g = 15. Is u(h) prime?
False
Suppose -5*m = 5*j - 290, 3*m + 2*j - 23 - 153 = 0. Suppose 4*r + m = -2*r. Is (30544/r)/(-4) - 24/40 prime?
False
Suppose t - 840781 + 224398 = -4*i, 2*i - t - 308199 = 0. Is i composite?
False
Suppose -42*m + 646027 - 453 + 611360 = 0. Is m a composite number?
False
Let y be ((-6)/(-5))/(2/5). Suppose 0 = -4*q + y*q - 67. Is (4 - q) + -1 - 3 composite?
False
Let c be (-8)/(-2)*2/4. Suppose -2 = -2*z + c. Is 2716/z - (2 - 1) prime?
False
Is (-1*2)/((52/(-1012882))/1) prime?
False
Suppose 2*n = -2*n - 3*y + 29607, -2*y = 4*n - 29602. Suppose 4*x - c = 2882 + 4508, 5*c = 4*x - n. Is x composite?
False
Let n be 56493/18 - 1/2. Let t be 2 - (n/3 - -2). Let u = -509 - t. Is u a composite number?
True
Let z(w) = -w**2 - 3*w + 6. Let h be z(-5). Let q be h/10 + (-504)/90. Is (-6 + 3)*422/q prime?
True
Let v(x) = 2*x**2 - 19*x + 20. Let y be v(10). Suppose -q - y = -32. Suppose -150 = -2*b - 4*f, 5*b + 0*b - q*f - 387 = 0. Is b composite?
True
Let l = -1900182 + 2698225. Is l a composite number?
False
Let v(d) = d**2 + d - 1. Let c(s) = 47*s**2 - 23*s**2 + 11*s - 23*s**2. Let j(w) = -c(w) + 3*v(w). Is j(5) a prime number?
True
Suppose -29 = 4*f - 5*i, -i = -2 - 3. Let k be (-7)/2 - (22/4 + -5). Is (-3536)/(-12) + f + k/6 composite?
False
Suppose 2*i + a = 727, 0 = -i - 3*i - 5*a + 1457. Suppose 0 = 14*k + 14195 - i. Let y = -110 - k. Is y composite?
True
Let n = -15 - -23. Suppose -3*a + 3 = 5*p, -6*a - 4*p = -a + n. Is (-6 + 50)*(-7)/a composite?
True
Let h(c) = 0*c**2 - c**2 - c - 10*c + 10*c**3 + 9*c + 4. Is h(3) composite?
True
Suppose 132 = -2*c + 144. Let y(g) = -g + 9. Let w be y(c). Suppose 2*q - 3 = -w*d, -4*d = 2*q + 2*q. Is d composite?
False
Suppose 8*b - 1928 = -7248. Let c = 1094 - b. Is c a composite number?
False
Let n(q) = q**3 + 9*q**2 + 2*q + 22. Let f be n(-9). Suppose 13022 = f*a - 2*j, 4*a - 8411 = -3*j + 4596. Is a a prime number?
False
Let o be (-10 - -9)/(-1*(2 - 1)). Let a(i) = 924*i**3 - 2*i**2 - 2*i + 3. Is a(o) a prime number?
False
Let h(d) = 13*d + 5070*d**2 + 3 + 14 + 0*d + 10*d - 14*d. Is h(-2) a composite number?
True
Suppose -21*v + 20*v = 8313. Let d = v + 11710. Is d a prime number?
False
Let o = 112 - 101. Suppose -1024 = 10*m - o*m. Let d = 1027 + m. Is d a prime number?
False
Let u = 22 + -22. Suppose 0 = -2*r + 4*s + 1 - 5, s - 8 = -3*r. Suppose u = -2*c - 4*x + 578, -x = r*c + 2*x - 580. Is c prime?
True
Suppose 0 = -4*z + 15635 + 21857. Suppose -3*j = -2*u + z, 4*u - j - 12791 = 5970. Is u prime?
True
Let k = 43147 - 12026. Is k a composite number?
False
Suppose -3*b + 154790 = 19163. Is b composite?
True
Suppose -3*b + 13 = -14. Let z(u) = 4*u**3 - 9*u**2 + 7*u - 1. Let m be z(2). Suppose -6*a = -b*a - m, 6031 = 4*f - a. Is f composite?
True
Let f = 165 - -17. Let o = 393 - f. Is o a composite number?
False
Let m be -3 + (16929 - 0) + 4. Let u = m + -12069. Is u a prime number?
True
Suppose -5*o + 90*o = 8252 - 56277. Let s = 2664 + -1540. Let r = o + s. Is r a composite number?
True
Let k(w) = w**3 + 15*w**2 - 15*w + 27. Let d be k(13). Suppose 0 = -2*l - 5*x - 0*x - 4571, 2*x = 2*l + d. Let f = -1550 - l. Is f composite?
False
Is 36/(-45) - (2/13 - 59790870/650) composite?
True
Suppose -216*z + 218*z = -4*l + 765366, 2*z - 765371 = -3*l. Is z a prime number?
True
Let k = 158418 - -148285. Is k prime?
True
Let q(v) = v**2 + 14*v + 1. Let p be q(-10). Let b = p - -57. Suppose -3423 = -21*g + b*g. Is g a prime number?
False
Suppose 130679893 = 281*w - 0*w. Is w a composite number?
True
Let n = -5148 + 8132. Is (111/9)/(3 - n/996) a prime number?
False
Suppose 10 - 146 = -2*v. Let n = 71 - v. Suppose n*y + 3*y = 14166. Is y composite?
True
Let c be 162*(1 - 6) + 0. Let u = 1579 + c. Is u a prime n